= 2*a**2 + 54*a + 369. Let i be l(-12). Let r(q) = -14*q + 108. Give r(i).
-18
Let k(l) = -l - 1. Let z(a) = -a**2 + 6*a + 5. Let o(r) = -4*k(r) - z(r). Suppose 2*b + 26 = 78. Let g = 30 - b. Calculate o(g).
7
Suppose p = 2*q - 206, -7*p + 5*p = -2*q + 408. Let n = p + 206. Let r(c) be the second derivative of -c**3/2 + 5*c**2/2 + c. Give r(n).
-7
Let x be 0*(15/(-9) - -2)*-1. Let i(p) = 4 + 31*p + x - 29*p. Let o(n) = -3*n - 7. Let f(w) = 5*i(w) + 3*o(w). Determine f(3).
2
Let i be (6/(-45) + 2/15)/1. Suppose i = 9*j - 691 + 646. Let g(a) be the second derivative of a**4/12 - 7*a**3/6 + 5*a**2/2 - a. Determine g(j).
-5
Let p(y) = -3944 - 9*y - 3957 + 7888 - y**2. Give p(-7).
1
Let v(i) = 13*i**3 + 2*i**2 + i. Let u be (-5 + 3)/(11 - 12). Suppose -14*z + 11*z - 17 = u*k, 5*k = 2*z + 5. Determine v(k).
-12
Let t(l) = 2*l**2 + 41*l + 16. Let a = 14985 + -15005. Calculate t(a).
-4
Let v(b) = 6*b**2 + 2*b + 2*b**3 - 72094 + 72082 + 3*b**3 - 6*b**3. Determine v(7).
-47
Let d(i) = -7*i - 143 - 2*i**2 + 140 + 7. Give d(-6).
-26
Let w(z) be the third derivative of -z**4/24 + 7*z**3/6 + 1143*z**2. What is w(8)?
-1
Let v(k) = -2*k**3 + 21*k**2 + 4*k - 14. Let a be v(11). Let w = -87 - a. Suppose w*q + 120 = -8*q. Let g(h) = -h**3 - 11*h**2 - 11*h - 5. What is g(q)?
5
Let a(g) = 369*g - 96*g + 9 - 91*g + 0 - 90*g - 91*g. Suppose 5*r + 4*h + 20 = 0, 2*r + 2*h = -r - 12. Determine a(r).
5
Let h(o) be the third derivative of -1/24*o**4 + 0 + 1/6*o**3 + 0*o - 3*o**2. Let v be 30/(-80) + 204/32. What is h(v)?
-5
Let g(q) = 10*q**2 - 2. Let w(n) = 122*n + 121. Let m be w(-1). What is g(m)?
8
Let p(v) be the first derivative of -v**2 + 9*v - 2902. What is p(-16)?
41
Let u be ((-84)/10)/6 + 14/35. Let s(n) = 3*n**3 - 4*n**2 + 1. Let k be s(u). Let x(g) = -g**3 - 5*g**2 + 5*g - 1. Determine x(k).
5
Let z = 543 - 1069. Let u = z - -516. Let v(g) = -g + 1. Let b(w) = -5*w - 10. Let c(t) = -b(t) + 3*v(t). What is c(u)?
-7
Let d be ((-52)/8 - -13)/((-1)/(-2)). Let h = 9 - d. Let p(z) = -z**2 - 2*z**2 + 2*z**2 - 4*z + 2. What is p(h)?
2
Let p(v) = 4*v**2 + 25*v - 23. Let q be p(0). Let d(n) = n**3 + 24*n**2 + 22*n - 5. Give d(q).
18
Let i(g) be the first derivative of -g**4/4 - 5*g**3/3 + 3*g**2 - 2*g - 1. Let z = -2080 + 2074. What is i(z)?
-2
Let k(p) = -19*p**2 - 111*p + 240. Let w(l) = 3*l**2 + 18*l - 38. Let v(h) = 2*k(h) + 13*w(h). Determine v(-10).
-34
Let v be 31/11 - (-106)/583. Suppose 2*f = -4*s + 20, -4*s + 2*s - v*f = -10. Let d(h) = h**2 - 3*h + 1. What is d(s)?
11
Let h(g) = -2*g + 30. Let m = -1214 - -1229. What is h(m)?
0
Let d(s) = -4*s**2 + 37*s - 35. Suppose 90 = 49*n - 255 - 47. What is d(n)?
5
Let t(o) = -2*o**2 + 20*o - 12. Let v be (-216)/(-20) + 162/(-90). Give t(v).
6
Let r(i) = 32*i + 5. Let l(b) = -22*b - 3. Let j(k) = -7*l(k) - 5*r(k). Let t(x) = -13*x - 8. Let w(n) = 7*j(n) - 3*t(n). Calculate w(-7).
17
Let i(f) = f**2 - 2*f - 1. Let g be i(2). Let q be 5/g*8/(-20). Let z(r) = -17 + 4 - 799*r + 801*r + 13. Give z(q).
4
Let r(l) be the second derivative of -l**8/6720 + l**6/720 - l**5/4 + 5*l**4/12 - 8*l**2 + 74*l. Let f(a) be the third derivative of r(a). Calculate f(0).
-30
Let k(p) = -4*p**2 + 64*p + 74. Let n = -9617 + 9634. Determine k(n).
6
Let y(c) = 31*c + 17 + 38*c - 100*c + 37*c - c**2. Calculate y(8).
1
Let w(k) = -6*k + 6. Let n(p) = -p**3 - 4*p**2 - 2*p - 6. Let b be n(-3). Let a be w(b). Let l = a - 58. Let y(g) = g**3 + 2*g**2 - 3*g + 1. Determine y(l).
11
Let f(q) = -q**3 - 23*q**2 + 40*q + 382. Let h be f(-24). Let w(d) = 3*d**3 + d**2 + 4*d + 3. What is w(h)?
-25
Let a(b) = -658 + 1245 + 5*b - 625 - 3*b. Give a(10).
-18
Let c be 6 - 11 - (1 - 2). Let u(f) be the third derivative of f**4/12 + 5*f**3/6 + 84*f**2. Give u(c).
-3
Let y(t) = -t**3 + 8*t**2 + 17*t + 17. Let q be y(9). Suppose 10*n + 47 = 7*n + d, -5*n - d = q. Let g(s) = -s - 13. What is g(n)?
4
Let n(b) = 3*b - 10 + 21 + 2*b - 9*b. Let x(v) = 4*v - 8. Let q(h) = -3*n(h) - 4*x(h). What is q(-5)?
19
Suppose -7305*i - 75 + 18 = -7324*i. Let y(z) be the first derivative of -26 - 1/3*z**i + 1/2*z**2 - 18*z. What is y(0)?
-18
Let f(w) = 6*w**2 - 80*w - 47. Let q(r) = -r**3 - 43*r**2 - 453*r + 86. Let g be q(-24). Calculate f(g).
9
Let h(c) be the first derivative of c**4/4 + 7*c**3/3 + 2*c**2 - c - 3607. Calculate h(-7).
-29
Suppose -32*b - 3 = -33*b. Suppose -2*s = -3*l + 2*l + 10, 4*s - 20 = -b*l. Let k(u) = -3*u - 6 + u**2 - 4*u + 3*u - 2*u. Determine k(l).
10
Let i(d) = d**2 + 8*d + 1. Let p(m) = -3*m**2 - 23*m - 2. Let v(o) = 7*i(o) + 2*p(o). Suppose -4*x = u - 9, -u + 3 - 26 = -4*x. Calculate v(u).
-18
Let w(j) = -47*j**2 - 83*j - 783. Let r(c) = -4*c**2 - 7*c - 67. Let u(t) = -70*r(t) + 6*w(t). Calculate u(-6).
-32
Let x(a) be the second derivative of -a**4/6 - 4*a**3/3 + 3*a**2 - 4*a. Let b be x(-5). Let s(m) = -m**2 - 4*m + 3. What is s(b)?
3
Let w(s) = s**2 + 65*s - 12. Let g(x) = 6*x**2 + 353*x - 59. Let u(a) = -2*g(a) + 11*w(a). What is u(9)?
-14
Let z(h) be the third derivative of -h**5/60 - 5*h**4/24 + 3*h**3 + 1257*h**2. Determine z(3).
-6
Let x(v) = -3*v + 48. Let a(n) = 14*n + 35. Let g be a(-2). Give x(g).
27
Let t(f) = -18*f - 4*f - 2 + 34*f - 18*f. Let j be -4 + (1 - (2 + -2)). What is t(j)?
16
Suppose -37*a + 13*a + 3024 = 0. Suppose 13*d = 22*d + a. Let w(l) = l**2 + 13*l - 3. What is w(d)?
11
Let i(f) = -4*f**2 - 4*f - 7. Suppose 15*m + 5221 = 5176. Calculate i(m).
-31
Let a(w) = w + 2. Let d(b) = -13 - 2 - 4*b + 7*b - 4*b. Let o be d(-18). Give a(o).
5
Let i(k) = -k**2 - 6*k - 15. Let f be i(-5). Let u be (-6)/(-9) - f/3. Let p = u + 6. Let g(w) = -w**3 + 10*w**2 + w - 7. Give g(p).
3
Let y(u) = 2*u**2 - u - 1. Let n(z) be the first derivative of -16/3*z**3 + 0*z**2 - 2*z + 1/4*z**4 - 19. Let a be n(16). Give y(a).
9
Let y(a) be the second derivative of -2/3*a**3 + 15*a - 1/120*a**5 + 0 + 0*a**2 + 1/4*a**4. Let n(x) be the second derivative of y(x). Calculate n(0).
6
Suppose -5*w = 3*f, -2*f - 3*w + 7*w = 5*w. Let q(g) = -g**3 + g**2 - g + 93. Give q(f).
93
Let m = 8053 - 8030. Let r(l) = 2*l - 29. What is r(m)?
17
Let d(h) = 21*h + 106. Let b(f) = -67*f - 314. Let p(x) = 5*b(x) + 14*d(x). Determine p(-4).
78
Let s(y) = y**3 - 18*y**2 + 23*y + 2. Let w(f) = -7*f**3 + 128*f**2 - 166*f - 13. Let c(q) = -15*s(q) - 2*w(q). Calculate c(13).
-4
Let w(j) = 3*j**2 + 30*j + 27. Let p(b) = -7*b**2 - 73*b - 67. Let d(c) = 5*p(c) + 12*w(c). Give d(5).
-11
Let y(i) be the second derivative of -i**5/20 + i**4/2 + 4*i**3/3 + i**2 + 11*i + 1. Suppose 0 = -3*h - 3*p + 27, 5*h - 5*p - 16 = 9. Calculate y(h).
9
Let d(k) be the second derivative of -k**6/120 - k**5/12 - k**4/24 - 2*k**3/3 + 41*k**2/2 + 224*k. Let v(b) be the first derivative of d(b). Determine v(-5).
1
Let u(s) = -5*s + 7. Let j(a) = 3*a - 4. Let g(h) = 7*j(h) + 4*u(h). Suppose -27*l + 26*l + 22 = 0. Suppose 4*v - l = 15*v. Determine g(v).
-2
Let y(j) = -j + 4. Let i(r) = -1 + 4 - 1 - 1. Let h(c) = -2*i(c) + y(c). Let m = -20 + 14. Give h(m).
8
Let h = -7 - -13. Let r be -3 + h + -2*(-4)/8. Let k(v) = v**3 - 6*v**2 + 2*v + 5. Determine k(r).
-19
Let z(g) be the first derivative of 5/3*g**3 - 18 + g - 1/4*g**4 + g**2. What is z(4)?
25
Let o = 377843 + -377834. Let w(t) = -t**3 - t**2 + t. Let q(g) = 2*g**3 - 7*g**2 - 8*g - 6. Let a(k) = q(k) + w(k). Determine a(o).
12
Let v = 112 + -81. Let d = -33 + v. Let q(u) = u**3 - 2*u - 2*u**2 + u**3 + u**2. Calculate q(d).
-16
Suppose 4*p + 4*i = -76, 3*p - 5*i + i + 36 = 0. Let f(r) = -15*r**2 + 12 + 2*r**3 + 2681*r + 2672*r - r**3 - 5337*r - 2*r**3. Give f(p).
12
Let u(c) be the third derivative of 0*c**3 + 1/20*c**5 - 1/120*c**6 + 0 - c**2 + 1/12*c**4 + 0*c. Let a = 4 - 6. Calculate u(a).
16
Let q(s) = -s**3 + 2*s + 1. Let k(b) = -b**2 - 5*b. Let p be (28/(-21))/((-1)/(-3)). Let u be k(p). Suppose u*n = 3*n + 3. Calculate q(n).
-20
Let k(c) = -c + 6. Suppose 0 = 4*o - 24, -6 + 22 = 5*t + o. What is k(t)?
4
Let l(j) be the third derivative of 2*j**5/15 + j**4/24 - j**3/2 + 12*j**2 + 1. What is l(-2)?
27
Let t(b) = 308 - 489 - 6*b + 180. Suppose -5*c + 21 = a, -4*a + 2*c + 8 = 3*c. What is t(a)?
-7
Let o be (8/6)/(-8 - 772/(-96)). Suppose -4*j = -36 + o. Let d(c) = 25*c**3. Calculate d(j).
25
Let n(q) be the third derivative of q**4/12 + 2*q**3 - 122